{"id":5282,"date":"2023-08-31T21:08:30","date_gmt":"2023-08-31T21:08:30","guid":{"rendered":"https:\/\/www.masalbungalov.site\/?page_id=5282"},"modified":"2025-08-12T09:04:00","modified_gmt":"2025-08-12T09:04:00","slug":"odalarimiz","status":"publish","type":"page","link":"https:\/\/gokcebeykizapart.com.tr\/?page_id=5282","title":{"rendered":"Odalar\u0131m\u0131z"},"content":{"rendered":"<p>[vc_row][vc_column][vc_custom_heading text=&#8221;Valizini Al Gel!&#8221; font_container=&#8221;tag:h2|text_align:center&#8221; use_theme_fonts=&#8221;yes&#8221;][vc_column_text]<\/p>\n<p style=\"text-align: center;\"><strong>Anbarc\u0131 Apart&#8217;ta isterseniz Tek; isterseniz \u00e7ift ki\u015filik odalarda konforu ve g\u00fcveni ya\u015fay\u0131n. K\u0131z \u00f6\u011frenci ve \u00e7al\u0131\u015fanlar i\u00e7in e\u015fsiz bir ortam.<\/strong><\/p>\n<p>[\/vc_column_text][\/vc_column][\/vc_row][vc_row][vc_column][vc_gallery images=&#8221;5420,5419,5418,5417,5416,5415,5414,5413,5412,5411,5410,5409,5408,5407&#8243;][\/vc_column][\/vc_row]<\/p>\n","protected":false},"excerpt":{"rendered":"<p>[vc_row][vc_column][vc_custom_heading text=&#8221;Valizini Al Gel!&#8221; font_container=&#8221;tag:h2|text_align:center&#8221; use_theme_fonts=&#8221;yes&#8221;][vc_column_text] Anbarc\u0131 Apart&#8217;ta isterseniz Tek; isterseniz \u00e7ift ki\u015filik odalarda konforu ve g\u00fcveni ya\u015fay\u0131n. K\u0131z \u00f6\u011frenci ve \u00e7al\u0131\u015fanlar i\u00e7in e\u015fsiz bir ortam. [\/vc_column_text][\/vc_column][\/vc_row][vc_row][vc_column][vc_gallery images=&#8221;5420,5419,5418,5417,5416,5415,5414,5413,5412,5411,5410,5409,5408,5407&#8243;][\/vc_column][\/vc_row]<\/p>\n","protected":false},"author":1,"featured_media":0,"parent":0,"menu_order":0,"comment_status":"closed","ping_status":"closed","template":"","meta":{"footnotes":""},"class_list":["post-5282","page","type-page","status-publish","hentry"],"yoast_head":"<!-- This site is optimized with the Yoast SEO plugin v25.8 - https:\/\/yoast.com\/wordpress\/plugins\/seo\/ -->\n<title>Odalar\u0131m\u0131z - G\u00f6k\u00e7ebey K\u0131z Yurdu<\/title>\n<meta name=\"description\" content=\"G\u00f6k\u00e7ebey K\u0131z \u00d6\u011frenci Yurdu, G\u00f6k\u00e7ebey K\u0131z \u00d6\u011frenci Pansiyonu, G\u00f6k\u00e7ebey K\u0131z \u00d6\u011frenci Apart, G\u00f6k\u00e7ebey MYO\" \/>\n<meta name=\"robots\" content=\"index, follow, max-snippet:-1, max-image-preview:large, max-video-preview:-1\" \/>\n<link rel=\"canonical\" href=\"https:\/\/gokcebeykizapart.com.tr\/?page_id=5282\" \/>\n<meta property=\"og:locale\" content=\"tr_TR\" \/>\n<meta property=\"og:type\" content=\"article\" \/>\n<meta property=\"og:title\" content=\"Odalar\u0131m\u0131z - G\u00f6k\u00e7ebey K\u0131z Yurdu\" \/>\n<meta property=\"og:description\" content=\"G\u00f6k\u00e7ebey K\u0131z \u00d6\u011frenci Yurdu, G\u00f6k\u00e7ebey K\u0131z \u00d6\u011frenci Pansiyonu, G\u00f6k\u00e7ebey K\u0131z \u00d6\u011frenci Apart, G\u00f6k\u00e7ebey MYO\" \/>\n<meta property=\"og:url\" content=\"https:\/\/gokcebeykizapart.com.tr\/?page_id=5282\" \/>\n<meta property=\"og:site_name\" content=\"G\u00f6k\u00e7ebey K\u0131z Yurdu\" \/>\n<meta property=\"article:publisher\" content=\"https:\/\/www.facebook.com\/berbersezginanbarc\" \/>\n<meta property=\"article:modified_time\" content=\"2025-08-12T09:04:00+00:00\" \/>\n<meta property=\"og:image\" content=\"https:\/\/gokcebeykizapart.com.tr\/wp-content\/uploads\/2025\/08\/WhatsApp-Image-2025-08-12-at-11.54.41-4.jpeg\" \/>\n\t<meta property=\"og:image:width\" content=\"1600\" \/>\n\t<meta property=\"og:image:height\" content=\"1066\" \/>\n\t<meta property=\"og:image:type\" content=\"image\/jpeg\" \/>\n<meta name=\"twitter:card\" content=\"summary_large_image\" \/>\n<script type=\"application\/ld+json\" class=\"yoast-schema-graph\">{\"@context\":\"https:\/\/schema.org\",\"@graph\":[{\"@type\":\"WebPage\",\"@id\":\"https:\/\/gokcebeykizapart.com.tr\/?page_id=5282\",\"url\":\"https:\/\/gokcebeykizapart.com.tr\/?page_id=5282\",\"name\":\"Odalar\u0131m\u0131z - G\u00f6k\u00e7ebey K\u0131z Yurdu\",\"isPartOf\":{\"@id\":\"https:\/\/gokcebeykizapart.com.tr\/#website\"},\"datePublished\":\"2023-08-31T21:08:30+00:00\",\"dateModified\":\"2025-08-12T09:04:00+00:00\",\"description\":\"G\u00f6k\u00e7ebey K\u0131z \u00d6\u011frenci Yurdu, G\u00f6k\u00e7ebey K\u0131z \u00d6\u011frenci Pansiyonu, G\u00f6k\u00e7ebey K\u0131z \u00d6\u011frenci Apart, G\u00f6k\u00e7ebey MYO\",\"breadcrumb\":{\"@id\":\"https:\/\/gokcebeykizapart.com.tr\/?page_id=5282#breadcrumb\"},\"inLanguage\":\"tr\",\"potentialAction\":[{\"@type\":\"ReadAction\",\"target\":[\"https:\/\/gokcebeykizapart.com.tr\/?page_id=5282\"]}]},{\"@type\":\"BreadcrumbList\",\"@id\":\"https:\/\/gokcebeykizapart.com.tr\/?page_id=5282#breadcrumb\",\"itemListElement\":[{\"@type\":\"ListItem\",\"position\":1,\"name\":\"Anasayfa\",\"item\":\"https:\/\/gokcebeykizapart.com.tr\/\"},{\"@type\":\"ListItem\",\"position\":2,\"name\":\"Odalar\u0131m\u0131z\"}]},{\"@type\":\"WebSite\",\"@id\":\"https:\/\/gokcebeykizapart.com.tr\/#website\",\"url\":\"https:\/\/gokcebeykizapart.com.tr\/\",\"name\":\"G\u00f6k\u00e7ebey K\u0131z \u00d6\u011frenci Yurdu ve K\u0131z Apart\u0131\",\"description\":\"G\u00f6k\u00e7ebey K\u0131z Yurdu\",\"publisher\":{\"@id\":\"https:\/\/gokcebeykizapart.com.tr\/#organization\"},\"alternateName\":\"G\u00f6k\u00e7ebey MYO K\u0131z Yurdu\",\"potentialAction\":[{\"@type\":\"SearchAction\",\"target\":{\"@type\":\"EntryPoint\",\"urlTemplate\":\"https:\/\/gokcebeykizapart.com.tr\/?s={search_term_string}\"},\"query-input\":{\"@type\":\"PropertyValueSpecification\",\"valueRequired\":true,\"valueName\":\"search_term_string\"}}],\"inLanguage\":\"tr\"},{\"@type\":\"Organization\",\"@id\":\"https:\/\/gokcebeykizapart.com.tr\/#organization\",\"name\":\"G\u00f6k\u00e7ebey K\u0131z Yurdu\",\"alternateName\":\"G\u00f6k\u00e7ebey K\u0131z \u00d6\u011frenci Pansiyon ve Apart\",\"url\":\"https:\/\/gokcebeykizapart.com.tr\/\",\"logo\":{\"@type\":\"ImageObject\",\"inLanguage\":\"tr\",\"@id\":\"https:\/\/gokcebeykizapart.com.tr\/#\/schema\/logo\/image\/\",\"url\":\"https:\/\/gokcebeykizapart.com.tr\/wp-content\/uploads\/2025\/08\/logoanbarci-scaled.png\",\"contentUrl\":\"https:\/\/gokcebeykizapart.com.tr\/wp-content\/uploads\/2025\/08\/logoanbarci-scaled.png\",\"width\":2560,\"height\":537,\"caption\":\"G\u00f6k\u00e7ebey K\u0131z Yurdu\"},\"image\":{\"@id\":\"https:\/\/gokcebeykizapart.com.tr\/#\/schema\/logo\/image\/\"},\"sameAs\":[\"https:\/\/www.facebook.com\/berbersezginanbarc\"]}]}<\/script>\n<!-- \/ Yoast SEO plugin. -->","yoast_head_json":{"title":"Odalar\u0131m\u0131z - G\u00f6k\u00e7ebey K\u0131z Yurdu","description":"G\u00f6k\u00e7ebey K\u0131z \u00d6\u011frenci Yurdu, G\u00f6k\u00e7ebey K\u0131z \u00d6\u011frenci Pansiyonu, G\u00f6k\u00e7ebey K\u0131z \u00d6\u011frenci Apart, G\u00f6k\u00e7ebey MYO","robots":{"index":"index","follow":"follow","max-snippet":"max-snippet:-1","max-image-preview":"max-image-preview:large","max-video-preview":"max-video-preview:-1"},"canonical":"https:\/\/gokcebeykizapart.com.tr\/?page_id=5282","og_locale":"tr_TR","og_type":"article","og_title":"Odalar\u0131m\u0131z - G\u00f6k\u00e7ebey K\u0131z Yurdu","og_description":"G\u00f6k\u00e7ebey K\u0131z \u00d6\u011frenci Yurdu, G\u00f6k\u00e7ebey K\u0131z \u00d6\u011frenci Pansiyonu, G\u00f6k\u00e7ebey K\u0131z \u00d6\u011frenci Apart, G\u00f6k\u00e7ebey MYO","og_url":"https:\/\/gokcebeykizapart.com.tr\/?page_id=5282","og_site_name":"G\u00f6k\u00e7ebey K\u0131z Yurdu","article_publisher":"https:\/\/www.facebook.com\/berbersezginanbarc","article_modified_time":"2025-08-12T09:04:00+00:00","og_image":[{"width":1600,"height":1066,"url":"https:\/\/gokcebeykizapart.com.tr\/wp-content\/uploads\/2025\/08\/WhatsApp-Image-2025-08-12-at-11.54.41-4.jpeg","type":"image\/jpeg"}],"twitter_card":"summary_large_image","schema":{"@context":"https:\/\/schema.org","@graph":[{"@type":"WebPage","@id":"https:\/\/gokcebeykizapart.com.tr\/?page_id=5282","url":"https:\/\/gokcebeykizapart.com.tr\/?page_id=5282","name":"Odalar\u0131m\u0131z - G\u00f6k\u00e7ebey K\u0131z Yurdu","isPartOf":{"@id":"https:\/\/gokcebeykizapart.com.tr\/#website"},"datePublished":"2023-08-31T21:08:30+00:00","dateModified":"2025-08-12T09:04:00+00:00","description":"G\u00f6k\u00e7ebey K\u0131z \u00d6\u011frenci Yurdu, G\u00f6k\u00e7ebey K\u0131z \u00d6\u011frenci Pansiyonu, G\u00f6k\u00e7ebey K\u0131z \u00d6\u011frenci Apart, G\u00f6k\u00e7ebey MYO","breadcrumb":{"@id":"https:\/\/gokcebeykizapart.com.tr\/?page_id=5282#breadcrumb"},"inLanguage":"tr","potentialAction":[{"@type":"ReadAction","target":["https:\/\/gokcebeykizapart.com.tr\/?page_id=5282"]}]},{"@type":"BreadcrumbList","@id":"https:\/\/gokcebeykizapart.com.tr\/?page_id=5282#breadcrumb","itemListElement":[{"@type":"ListItem","position":1,"name":"Anasayfa","item":"https:\/\/gokcebeykizapart.com.tr\/"},{"@type":"ListItem","position":2,"name":"Odalar\u0131m\u0131z"}]},{"@type":"WebSite","@id":"https:\/\/gokcebeykizapart.com.tr\/#website","url":"https:\/\/gokcebeykizapart.com.tr\/","name":"G\u00f6k\u00e7ebey K\u0131z \u00d6\u011frenci Yurdu ve K\u0131z Apart\u0131","description":"G\u00f6k\u00e7ebey K\u0131z Yurdu","publisher":{"@id":"https:\/\/gokcebeykizapart.com.tr\/#organization"},"alternateName":"G\u00f6k\u00e7ebey MYO K\u0131z Yurdu","potentialAction":[{"@type":"SearchAction","target":{"@type":"EntryPoint","urlTemplate":"https:\/\/gokcebeykizapart.com.tr\/?s={search_term_string}"},"query-input":{"@type":"PropertyValueSpecification","valueRequired":true,"valueName":"search_term_string"}}],"inLanguage":"tr"},{"@type":"Organization","@id":"https:\/\/gokcebeykizapart.com.tr\/#organization","name":"G\u00f6k\u00e7ebey K\u0131z Yurdu","alternateName":"G\u00f6k\u00e7ebey K\u0131z \u00d6\u011frenci Pansiyon ve Apart","url":"https:\/\/gokcebeykizapart.com.tr\/","logo":{"@type":"ImageObject","inLanguage":"tr","@id":"https:\/\/gokcebeykizapart.com.tr\/#\/schema\/logo\/image\/","url":"https:\/\/gokcebeykizapart.com.tr\/wp-content\/uploads\/2025\/08\/logoanbarci-scaled.png","contentUrl":"https:\/\/gokcebeykizapart.com.tr\/wp-content\/uploads\/2025\/08\/logoanbarci-scaled.png","width":2560,"height":537,"caption":"G\u00f6k\u00e7ebey K\u0131z Yurdu"},"image":{"@id":"https:\/\/gokcebeykizapart.com.tr\/#\/schema\/logo\/image\/"},"sameAs":["https:\/\/www.facebook.com\/berbersezginanbarc"]}]}},"_links":{"self":[{"href":"https:\/\/gokcebeykizapart.com.tr\/index.php?rest_route=\/wp\/v2\/pages\/5282","targetHints":{"allow":["GET"]}}],"collection":[{"href":"https:\/\/gokcebeykizapart.com.tr\/index.php?rest_route=\/wp\/v2\/pages"}],"about":[{"href":"https:\/\/gokcebeykizapart.com.tr\/index.php?rest_route=\/wp\/v2\/types\/page"}],"author":[{"embeddable":true,"href":"https:\/\/gokcebeykizapart.com.tr\/index.php?rest_route=\/wp\/v2\/users\/1"}],"replies":[{"embeddable":true,"href":"https:\/\/gokcebeykizapart.com.tr\/index.php?rest_route=%2Fwp%2Fv2%2Fcomments&post=5282"}],"version-history":[{"count":5,"href":"https:\/\/gokcebeykizapart.com.tr\/index.php?rest_route=\/wp\/v2\/pages\/5282\/revisions"}],"predecessor-version":[{"id":5422,"href":"https:\/\/gokcebeykizapart.com.tr\/index.php?rest_route=\/wp\/v2\/pages\/5282\/revisions\/5422"}],"wp:attachment":[{"href":"https:\/\/gokcebeykizapart.com.tr\/index.php?rest_route=%2Fwp%2Fv2%2Fmedia&parent=5282"}],"curies":[{"name":"wp","href":"https:\/\/api.w.org\/{rel}","templated":true}]}}